{"id":735,"date":"2024-02-20T22:33:14","date_gmt":"2024-02-20T21:33:14","guid":{"rendered":"https:\/\/www.reseller-radar.de\/?page_id=735"},"modified":"2024-02-20T22:33:15","modified_gmt":"2024-02-20T21:33:15","slug":"agb","status":"publish","type":"page","link":"https:\/\/www.reseller-radar.de\/?page_id=735","title":{"rendered":"AGB"},"content":{"rendered":"\n<p class=\"has-large-font-size\"><strong><em>ALLGEMEINE GESCH\u00c4FTSBEDINGUNGEN&nbsp;<\/em><\/strong><\/p>\n\n\n\n<p>Februar 2024<\/p>\n\n\n\n<p>Mit der Nutzung der Webseite&nbsp;<a href=\"http:\/\/www.resell-radar.de\/\">www.resell-radar.de<\/a>&nbsp;erkl\u00e4ren Sie sich mit den jeweils geltenden aktuellen Gesch\u00e4ftsbedingungen in ihrer jeweiligen Fassung einverstanden.<\/p>\n\n\n\n<p><strong><em>1. GELTUNGSBEREICH<\/em><\/strong><\/p>\n\n\n\n<p>Diese Allgemeinen Gesch\u00e4ftsbedingungen \/ Ankaufbedingungen gelten f\u00fcr den Ankauf und Verkauf von gebrauchten B\u00fcchern, CDs, Blu-rays, andere Medien und andere Produkte, die \u00fcber eine ISBN oder EAN verf\u00fcgen und f\u00fcr die Sie von uns ein Angebot zum Ankauf bekommen. Nachfolgend werden diese Produkte \u201eWare genannt\u201c.<\/p>\n\n\n\n<p>Diese Allgemeinen Gesch\u00e4ftsbedingungen gelten f\u00fcr den Verkauf \/ Ankauf von Waren, die \u00fcber die Webseite&nbsp;<a href=\"http:\/\/www.resell-radar.de\/\">www.resell-radar.de<\/a>&nbsp;angeboten werden, sowie den Dienstleistungen die \u00fcber die Webseite&nbsp;<a href=\"http:\/\/www.resell-radar.de\/\">www.resell-radar.de<\/a>&nbsp;angeboten werden. Sie werden in der jeweils g\u00fcltigen Fassung Inhalt des Vertrages. F\u00fcr die Nutzung auf mobilen Endger\u00e4ten gelten zus\u00e4tzlich die Nutzungsbedingungen f\u00fcr mobile Endger\u00e4te. Diese sind diesen Gesch\u00e4ftsbedingungen angeh\u00e4ngt.<\/p>\n\n\n\n<p>Die auf dieser Website abrufbaren Dienste werden angeboten von dem Einzelunternehmen Antiquariat Jochen Mohr, Jochen Mohr, am K\u00fcppchen 16, 66649 Oberthal.<\/p>\n\n\n\n<p>Diese Allgemeinen Ankaufsbedingungen gelten gegen\u00fcber Verbrauchern gem\u00e4\u00df \u00a7 13 BGB und Unternehmern gem\u00e4\u00df \u00a7 14 BGB.<\/p>\n\n\n\n<p>Durch den Abschluss jedes Verkaufes \/ Ankaufs ist der Verk\u00e4ufer und Ank\u00e4ufer mit den jeweils zum Zeitpunkt des Vertragsschlusses g\u00fcltigen Allgemeinen Gesch\u00e4ftsbedingungen einverstanden.<\/p>\n\n\n\n<p>Das Einzelunternehmen Antiquariat Jochen Mohr&nbsp;beh\u00e4lt sich das Recht vor, diese AGB insbesondere einzelne Klauseln und Bestimmungen, unter Ber\u00fccksichtigung der berechtigten Interessen der Parteien, mit Wirkung f\u00fcr die Zukunft zu \u00e4ndern.&nbsp;<\/p>\n\n\n\n<p>\u00dcber \u00c4nderungen werden die Nutzer von&nbsp;dem Einzelunternehmen Antiquariat Jochen Mohr&nbsp;oder einer Firma, die von Antiquariat Jochen&nbsp;Mohr hierf\u00fcr beauftragt wird rechtzeitig in Textform (z.B. per E-Mail)&nbsp;informiert.<\/p>\n\n\n\n<p>Der Kunde hat die M\u00f6glichkeit, diese \u00c4nderungen innerhalb von vier Wochen nach deren Erhalt durch schriftliche Mitteilung an die Firma Antiquariat Jochen Mohr zu Widersprechen. Um diese Frist von vier Wochen zu wahren, gen\u00fcgt die rechtzeitige Absendung des Widerspruchs.<\/p>\n\n\n\n<p>Im Falle eines Widerspruchs steht beiden Parteien ein Recht zur au\u00dferordentlichen K\u00fcndigung zu.<\/p>\n\n\n\n<p><strong><em>2. LEISTUNGSANGEBOT<\/em><\/strong><\/p>\n\n\n\n<p>Bei der Webseite handelt es sich um eine Onlineplattform, in der K\u00e4ufer und Verk\u00e4ufer von gebrauchten Waren speziell B\u00fccher und andere Medien Artikel ankaufen und verkaufen k\u00f6nnen. Es gibt einen Vergleich der Ankauf und Verkaufskonditionen insbesondere der Preise.&nbsp;<\/p>\n\n\n\n<p>Antiquariat Jochen Mohr \u00fcbernimmt keine Gew\u00e4hr f\u00fcr die Richtigkeit der auf der Webseite angezeigten Angaben, insbesondere f\u00fcr die G\u00fcltigkeitsdauer des angegebenen Preises. Die Anzeige der Verkauf- bzw. Kaufkonditionen der jeweiligen Anbieter auf der Webseite stellt daher insbesondere keine Zusage, Garantie oder Zusicherung f\u00fcr das Zustandekommen eines entsprechenden Kaufvertrages dar.<\/p>\n\n\n\n<p><strong>Das Angebot richtet sich ausschlie\u00dflich an private Verk\u00e4ufer (Privatpersonen, die Artikel und Waren zum Verkauf auf resell-radar.de anbieten) und gewerbliche Ank\u00e4ufer.<\/strong><\/p>\n\n\n\n<p><strong>Jeder Ank\u00e4ufer ist verpflichtet eine Kopie seines Gewerbescheins zur Verf\u00fcgung zu stellen, sowie den Verk\u00e4ufer \u00fcber die geltenden Allgemeinen Gesch\u00e4ftsbedingungen, den Widerruf, die Datenschutzbestimmungen zu informieren. Der Verk\u00e4ufer muss das vollst\u00e4ndige Impressum des Ank\u00e4ufers einsehen k\u00f6nnen.<\/strong><\/p>\n\n\n\n<p><strong><em>3. ANKAUFSVORAUSSETZUNGEN<\/em><\/strong><\/p>\n\n\n\n<p>Das Einzelunternehmen Antiquariat Jochen Mohr kauft ausschlie\u00dflich von Verk\u00e4ufern, die das 18. Lebensjahr vollendet haben.<\/p>\n\n\n\n<p>Das Einzelunternehmen Antiquariat Jochen Mohr kauft ausschlie\u00dflich Waren ab einem Gesamtmindestverkaufspreis von 15 Euro an.<\/p>\n\n\n\n<p>Das Einzelunternehmen Antiquariat Jochen Mohr kauft Ware ausschlie\u00dflich von Verbrauchern und Unternehmern, die bei dem Verkauf an Antiquariat Jochen Mohr nicht in der Aus\u00fcbung einer gewerblichen T\u00e4tigkeit handeln, Artikel werden nicht mehrfach vom selben Verk\u00e4ufer gekauft.<\/p>\n\n\n\n<p>Das Einzelunternehmen Antiquariat Jochen Mohr kauft ausschlie\u00dflich Ware, die im Besitz und Eigentum des Verk\u00e4ufers steht, frei von Rechten Dritter ist und den folgenden Kriterien zum Ankauf entspricht:<\/p>\n\n\n\n<ul class=\"wp-block-list\">\n<li>Die Ware muss vollst\u00e4ndig sein, es d\u00fcrfen&nbsp;keine Beilagen wie zum Beispiel W\u00fcrfel, Spielsteine, Karten oder Cd`s fehlen<\/li>\n\n\n\n<li>Die Waren keine Gewalt verherrlichenden , pornografische oder diskriminierende Inhalte haben<\/li>\n\n\n\n<li>Die Ware muss frei von Markierungen, Anstreichungen, Stempel, Besch\u00e4digungen, Kratzern oder Aufklebern sein.<\/li>\n\n\n\n<li>Die Ware muss einen ISBN oder EAN Code haben<\/li>\n\n\n\n<li>Die Ware muss frei von Sch\u00e4den sein. Speziell f\u00fcr B\u00fccher bedeutet dies, dass diese keine kaputten, gebrochenen oder Verschmutzen Buchr\u00fccken und Seiten aufweisen d\u00fcrfen, keine Vergilbungen oder Verblassungen zu erkennen sein d\u00fcrfen, keine Seiten rausgerissen sind, keine Eintragungen oder Markierungen gemacht wurden.<\/li>\n<\/ul>\n\n\n\n<p>Der Verk\u00e4ufer stellt&nbsp;das Einzelunternehmen Antiquariat Jochen Mohr von s\u00e4mtlichen Anspr\u00fcchen frei, die im Zusammenhang mit einer Verletzung&nbsp;von Schutzrechten (insbesondere, aber nicht beschr\u00e4nkt auf Markenrechte) Dritter erhoben werden, eingeschlossen s\u00e4mtlicher erforderlicher Kosten, die nur im Zusammenhang mit der Verteidigung gegen eine Inanspruchnahme Dritter (insbesondere Rechtsverfolgungskosten nach RVG) entstehen.<\/p>\n\n\n\n<p>Soweit es sich bei den Waren um B\u00fccher handelt, werden diese nur angekauft, wenn diese als Gebrauchtware beim Verkauf gem\u00e4\u00df \u00a7 3 S.2 BuchPrG nicht der Buchpreisbindung unterliegen oder wenn beim Verkauf eine sonstige Ausnahme von der Buchpreisbindung gem\u00e4\u00df \u00a7 7 BuchPrG vorliegt.<\/p>\n\n\n\n<p><strong><em>4. VERTRAG \/ VERTRAGSSCHLUSS \/ ANGEBOT \/ M\u00c4NGEL<\/em><\/strong><\/p>\n\n\n\n<p>Der Verk\u00e4ufer gibt in das auf der Startseite der Webseite&nbsp;<a href=\"http:\/\/www.resell-radar.de\/\">www.resell-radar.de<\/a>&nbsp;in das Eingabefeld die f\u00fcr den Artikel entsprechende EAN oder ISBN ein.<\/p>\n\n\n\n<p>Das Einzelunternehmen Antiquariat Jochen Mohr&nbsp;unterbreitet dem Verk\u00e4ufer zu diesem Artikel einen Preisvorschlag oder vermittelt zu anderen Resellern, die einen Preisvorschlag abgeben. Nimmt der Verk\u00e4ufer diesen an, f\u00fcgt er den Artikel seinem Verkaufskorb zu. F\u00fcr das Abschlie\u00dfen des Verkaufskorbes folgt der Verk\u00e4ufer den folgenden Anweisungen.<\/p>\n\n\n\n<p>Sollte der Artikel nicht den in diesen AGB beschriebenen Ankaufbedingungen entsprechen, kann der Verk\u00e4ufer w\u00e4hlen, ob der oder die Artikel und Waren auf Kosten des Verk\u00e4ufers zur\u00fcckgeschickt werden oder die Waren vom Ank\u00e4ufer \/ K\u00e4ufer an ein Recycling Unternehmen \u00fcbergeben werden.<\/p>\n\n\n\n<p>Das Einzelunternehmen Antiquariat Jochen Mohr informiert den Verk\u00e4ufer dreimal im jeweiligen Abstand von sieben Tagen dar\u00fcber, dass die Waren nicht den entsprechenden Ankaufsvoraussetzungen entsprechen und fordert diesen auf sich zwischen den Varianten \u201eR\u00fccksendung zum Verk\u00e4ufer\u201c und \u201eRecycling\u201c zu entscheiden. F\u00fcr Artikel die dem Verk\u00e4ufer zur\u00fcckgeschickt werden und solche die recycelt werden erfolgt keine Erstattung oder Zahlung in irgendeiner Form an den Verk\u00e4ufer. Die Kosten f\u00fcr die R\u00fccksendung \u00fcbernimmt der Verk\u00e4ufer im Vorfeld. Der Verk\u00e4ufer erh\u00e4lt im Falle der R\u00fccksendung oder Recycling nicht den angebotenen Preis. Der Verk\u00e4ufer erh\u00e4lt keine Entsch\u00e4digung und keine Zahlung. Ist die Ware im Falle der R\u00fccksendung nicht zustellbar und wird zum Einzelunternehmen Antiquariat Jochen Mohr zur\u00fcckgeschickt, wird die Ware recycelt. Hierf\u00fcr erfolgt keine Erstattung.&nbsp;<\/p>\n\n\n\n<p>Entscheidet sich der Verk\u00e4ufer f\u00fcr keine der beiden M\u00f6glichkeiten, oder informiert das Antiquariat Jochen Mohr nicht \u00fcber seine Entscheidung, so wird die Ware ohne Erstattung an den Verk\u00e4ufer dem Recycling zugef\u00fchrt.<\/p>\n\n\n\n<p><strong>5. Allgemein<\/strong><\/p>\n\n\n\n<p>Die Angabe des Ankaufspreises und der Ausdruck des Lieferscheins \/ Packscheins durch den Verk\u00e4ufer sind nicht bindend, sondern sind lediglich als Aufforderung zu verstehen, ein Kaufangebot zu machen. Direkt nach&nbsp;Eingang des Kaufangebots erh\u00e4lt der Verk\u00e4ufer eine Best\u00e4tigung \u00fcber den Empfang des Kaufangebots, die keine Annahme seines Angebots darstellt. Nach Erhalt dieser Empfangsbest\u00e4tigung ist eine \u00c4nderung der zur Abwicklung dieses Auftrages hinterlegten pers\u00f6nlichen Daten (Name, Adresse, Bankverbindung)&nbsp;bis zur vollst\u00e4ndigen Abwicklung des jeweiligen Auftrages (Annahme des\/der angebotenen Artikel\/s sowie anschlie\u00dfende&nbsp;Auszahlung des Kaufpreises und\/oder Ablehnung des\/der angebotenen Artikel\/s sowie die&nbsp;erfolgreiche&nbsp;Zustellung bei gew\u00e4hlter R\u00fccksendung) nicht mehr m\u00f6glich. Die m\u00f6gliche Annahme erfolgt durch Mitteilung des Kaufes (per E-Mail) oder durch \u00dcberweisung des Kaufpreises. Der jeweilige Kaufvertrag kommt erst mit der Annahme zustande.<\/p>\n\n\n\n<p>Wird die Ware dem Einzelunternehmen Antiquariat Jochen Mohr nicht zugestellt oder besch\u00e4digt zugestellt, kommt kein Kaufvertrag zu Stande.<\/p>\n\n\n\n<p>Bietet der Verk\u00e4ufer mehrere Artikel zum Kauf an, wird \u00fcber jeden einzelnen angenommenen Artikel ein separater Kaufvertrag geschlossen.<\/p>\n\n\n\n<p>Entspricht die Ware nicht den Ankaufsbedingungen, wird eine andere als die angebotene Ware zugesandt,&nbsp;erh\u00e4lt das Einzelunternehmen Antiquariat Jochen Mohr Artikel mehrfach von einem&nbsp;Verk\u00e4ufer oder geht die Ware sp\u00e4ter als 14 Tage nach dem Kaufangebot ein, so wird das Kaufangebot nicht angenommen. Zus\u00e4tzliche Ware, die nicht Gegenstand des Verkaufsangebotes und nicht auf dem Lieferschein gelistet ist, wird nicht bearbeitet, ausgezahlt oder retourniert.<\/p>\n\n\n\n<p>Gegenst\u00e4nde,&nbsp;die dem Einzelunternehmen Antiquariat Jochen Mohr&nbsp;zugesendet werden, ohne dass diese Gegenstand eines Kaufangebotes sind, werden nicht Gegenstand eines Ankaufs.<\/p>\n\n\n\n<p>Gegenst\u00e4nde gehen mit der Eigentumsaufgabe durch die \u00dcbersendung&nbsp;an das Einzelunternehmen Antiquariat Jochen Mohr. in das Eigentum von Antiquariat Jochen Mohr. \u00fcber<\/p>\n\n\n\n<p>Ist die Ware bei uns eingegangen, besteht f\u00fcr den Verk\u00e4ufer&nbsp;keine M\u00f6glichkeit, das gesamte Verkaufsangebot zur\u00fcckzuverlangen.<\/p>\n\n\n\n<p>Ist die Ware mangelhaft, so hat&nbsp;das Einzelunternehmen Antiquariat Jochen Mohr die gesetzlichen M\u00e4ngelrechte.<\/p>\n\n\n\n<p>Antiquariat Jochen Mohr bietet Antiquaren und Resellern die M\u00f6glichkeit Produkte von Privatpersonen anzukaufen. Hier ist das Antiquariat Jochen Mohr der Vermittler des Gesch\u00e4fts. Der Kaufvertrag kommt zwischen Ank\u00e4ufer und Verk\u00e4ufer zu stande.<\/p>\n\n\n\n<p><strong><em>6. PREISE, VERSANDKOSTEN, LIEFERUNG<\/em><\/strong><\/p>\n\n\n\n<p>Der Kaufpreis zum Ankauf der Waren versteht sich inkl. m\u00f6glicher Umsatzsteuer, anderen Steuern, Kosten f\u00fcr Versand und Verpackung oder weiteren Kosten.<\/p>\n\n\n\n<p>Nutzt der Verk\u00e4ufer die auf der Webseite angegebene Versandm\u00f6glichkeit nicht, tr\u00e4gt er die Versandkosten.<\/p>\n\n\n\n<p>Der Verk\u00e4ufer verpflichtet sich dazu, die Ware so zu versenden und zu verpacken, dass es nicht zu Besch\u00e4digungen an der Ware kommt. Die Gefahr des zuf\u00e4lligen Untergangs oder der zuf\u00e4lligen Verschlechterung der Ware geht mit der \u00dcbergabe an&nbsp;.&nbsp;das Einzelunternehmen Antiquariat Jochen Mohr&nbsp;\u00fcber.&nbsp;<\/p>\n\n\n\n<p>M\u00f6chte der Verk\u00e4ufer, dass die Ware zur\u00fcckgeschickt wird, erfolgt diese auf Kosten des Verk\u00e4ufers. Ist die Zustellung der R\u00fccksendung nicht m\u00f6glich, beh\u00e4lt sich&nbsp;das Einzelunternehmen Antiquariat Jochen Mohr&nbsp;vor, die Ware dem Recycling zuzuf\u00fchren. Eine Erstattung erfolgt nicht. &nbsp;<\/p>\n\n\n\n<p>Die Provision, die Antiquariat Jochen Mohr je nach abgeschlossenem Preismodell von den Ank\u00e4ufern erh\u00e4lt versteht sich netto und wird monatlich abgerechnet.<\/p>\n\n\n\n<p><strong>7. AUSZAHLUNGSBEDINGUNGEN<\/strong><\/p>\n\n\n\n<p><br>Nachdem die Ware durch&nbsp;das Einzelunternehmen Antiquariat Jochen Mohr&nbsp;oder andere auf der Webseite registrierte Ank\u00e4ufer gepr\u00fcft wurde, erh\u00e4lt der Verk\u00e4ufer eine Benachrichtigung dar\u00fcber oder erh\u00e4lt die Auszahlung des vereinbarten Ankaufbetrages, vorausgesetzt die erhaltene Ware entspricht den in diesen Allgemeinen Gesch\u00e4ftsbedingungen beschriebenen Ankaufsvoraussetzungen. Die Auszahlung erfolgt auf die vom Verk\u00e4ufer auf der Webseite lesenswert-saar.de abgegebene Kontoverbindung. Als Angabe ist ein Konto bei einer Bank oder Sparkasse in Deutschland oder ein Paypal Konto m\u00f6glich.<\/p>\n\n\n\n<p>Ist die angegebene Bankverbindung fehlerhaft oder eine \u00dcberweisung des Betrages nicht m\u00f6glich, informiert das Einzelunternehmen Antiquariat Jochen Mohr den Verk\u00e4ufer zweimalig im Abstand von 14 Tagen dar\u00fcber. Dieser Vorgang ist mit Geb\u00fchren verbunden, die der Verk\u00e4ufer zu tragen hat.<\/p>\n\n\n\n<p>\u00c4u\u00dfert sich der Verk\u00e4ufer nicht oder berichtigt die Angaben nicht oder erm\u00f6glicht eine \u00dcberweisung des Betrages, geht das Antiquariat Jochen Mohr davon aus, dass der Verk\u00e4ufer w\u00fcnscht, dass er die Ware und den vereinbarten Kaufpreis nicht m\u00f6chte. Es erfolgt keine Zahlung an den Verk\u00e4ufer.<\/p>\n\n\n\n<p>Die Warenpr\u00fcfung erfolgt sp\u00e4testens 14 Werktage nach Wareneingang bei uns.<\/p>\n\n\n\n<p>Die Zahlung ist sp\u00e4testens 21 Tage nach Wareneingang f\u00e4llig.<\/p>\n\n\n\n<p><strong>8. ANWENDBARES RECHT<\/strong><\/p>\n\n\n\n<p>Die zwischen&nbsp;dem Einzelunternehmen Antiquariat Jochen Mohr und dem Verk\u00e4ufer geschlossenen Vertr\u00e4ge unterliegen dem Recht der&nbsp;Bundesrepublik Deutschland unter Ausschluss des UN-Kaufrechts (CISG).<\/p>\n\n\n\n<p><strong>9. ALLGEIMEIN \/ HAFTUNG \/ M\u00c4NGEL \/ SCHUTZRECHTE<\/strong><\/p>\n\n\n\n<p>Wir bem\u00fchen uns nach besten Kr\u00e4ften, sicherzustellen, dass unsere Produkte\/Dienstleistungen stets in einwandfreiem Zustand und funktionsf\u00e4hig sind. Jedoch \u00fcbernehmen wir keine ausdr\u00fccklichen oder stillschweigenden Garantien oder Zusicherungen hinsichtlich der Leistungsf\u00e4higkeit, Zuverl\u00e4ssigkeit oder Verf\u00fcgbarkeit unserer Produkte\/Dienstleistungen.<\/p>\n\n\n\n<p>Die Nutzung unserer Produkte\/Dienstleistungen erfolgt auf eigene Gefahr. Wir \u00fcbernehmen keine Verantwortung f\u00fcr Verluste, Sch\u00e4den oder Kosten, die durch die Nutzung oder Unm\u00f6glichkeit der Nutzung unserer Produkte\/Dienstleistungen entstehen. Dies schlie\u00dft, ohne Einschr\u00e4nkung, direkte, indirekt, zuf\u00e4llige, spezielle oder Folgesch\u00e4den ein.<\/p>\n\n\n\n<p>Wir behalten uns das Recht vor, die Funktionalit\u00e4t unserer Produkte\/Dienstleistungen jederzeit ohne vorherige Ank\u00fcndigung zu \u00e4ndern, zu unterbrechen oder einzustellen. Wir garantieren nicht, dass unsere Produkte\/Dienstleistungen kontinuierlich, ununterbrochen oder fehlerfrei arbeiten, und wir \u00fcbernehmen keine Haftung f\u00fcr Unterbrechungen oder Ausf\u00e4lle.<\/p>\n\n\n\n<p>Durch die Nutzung unserer Produkte\/Dienstleistungen erkl\u00e4ren Sie sich ausdr\u00fccklich damit einverstanden, dass jegliche Risiken, die sich aus der Nutzung ergeben, von Ihnen getragen werden. Diese Haftungsausschlussklausel gilt in vollem Umfang, soweit dies gesetzlich zul\u00e4ssig ist.&#8220;<\/p>\n\n\n\n<p>Bitte beachte, dass dies eine allgemeine Klausel ist und keine rechtliche Beratung ersetzen kann. Es wird dringend empfohlen, diese Klausel von einem Rechtsanwalt \u00fcberpr\u00fcfen zu lassen, um sicherzustellen, dass sie den spezifischen Anforderungen und Gesetzen in deinem Land entspricht.<\/p>\n\n\n\n<p>Eine Haftung f\u00fcr eventuelle Sach- und Rechtsm\u00e4ngel der Software und der Informationen speziell f\u00fcr die Fehlerfreiheit, fehlerfreie Funktion, Freiheit von Schutz- und Urheberrechten Dritter, Vollst\u00e4ndigkeit&nbsp;&nbsp;au\u00dfer bei Vorsatz ist ausgeschlossen.<\/p>\n\n\n\n<p>Eine \u00fcber die gesetzlichen Vorschriften hinausgehende Haftung ist ausgeschlossen.&nbsp;<\/p>\n\n\n\n<p>Der Schadenersatz wegen Verletzung wesentlicher Vertragspflichten ist auf den vertragstypischen, vorhersehbaren Schaden begrenzt<\/p>\n\n\n\n<p>Dem Einzelunternehmen Antiquariat Jochen Mohr&nbsp;stehen s\u00e4mtliche gewerblichen Schutzrecht und Gesch\u00e4ftsgeheimnisse zu. Der Nutzer darf die Webseite in keiner Art oder Weise ver\u00e4ndern. Oder Daten aus dieser entnehmen, kopieren oder fotografieren oder auf eine andere Weise in deren Besitz kommen.<\/p>\n\n\n\n<p>Die bei der Anmeldung bei resell-radar.de hinterlegten Daten werden von Antiquariat Jochen Mohr nicht auf deren Richtigkeit \u00fcberpr\u00fcft. Antiquariat Jochen Mohr schlie\u00dft daher trotz umfangreicher Sicherheitsvorkehrungen nicht aus, dass bei der \u00d6ffnung eines Nutzerkontos falsche Konto Daten angegeben wurden. Der Nutzer sind daher dazu verpflichtet, selbst die Identit\u00e4t des Gesch\u00e4ftspartners zu \u00fcberpr\u00fcfen.<\/p>\n\n\n\n<p>Auch wenn sich Antiquariat Jochen Mohr um eine Ber\u00fccksichtigung aller relevanten Anbieter am Markt bem\u00fcht, besteht kein Anspruch auf eine Vollst\u00e4ndigkeit der angezeigten Anbieter. Antiquariat Jochen Mohr \u00fcbernimmt auch keine Gew\u00e4hr f\u00fcr die Richtigkeit, Vollst\u00e4ndigkeit, Rechtm\u00e4\u00dfigkeit und Aktualit\u00e4t der Angaben. Es besteht kein Anspruch des Nutzers auf Verf\u00fcgbarkeit des Dienstes. Jederzeitige \u00c4nderungen des Funktionsumfangs der Webseite sind vorbehalten.<\/p>\n\n\n\n<p>Der Vertragsinhalt, insbesondere der Verkaufspreis bzw. der Kaufpreis, steht erst bei Vertragsschluss zwischen Nutzer und Anbieter fest. Es wird ausdr\u00fccklich darauf hingewiesen, dass die durch Antiquariat Jochen Mohr bereitgestellten Informationen nicht Bestandteil des zwischen Nutzer und Anbieter zu schlie\u00dfenden Vertrages werden. Allein der zwischen Nutzer und Anbieter vereinbarte Inhalt ist verbindlich.<\/p>\n\n\n\n<p>Antiquariat Jochen Mohr beh\u00e4lt sich das Recht vor, diese AGB f\u00fcr die Zukunft jederzeit zu \u00e4ndern. Die ge\u00e4nderten Bedingungen treten mit Ver\u00f6ffentlichung und nach entsprechender Mitteilung an den Nutzer in Kraft, wenn der Nutzer dem nicht innerhalb einer angemessenen Frist, auf die er in der Mitteilung nochmals gesondert hingewiesen werden wird, widerspricht. In diesem Fall steht sowohl dem Nutzer als auch Antiquariat Jochen Mohr ein K\u00fcndigungsrecht zu.<\/p>\n\n\n\n<p>F\u00fcr den Fall, dass einzelne Bestimmungen dieser AGB ganz oder teilweise unwirksam sein sollten, wird hierdurch die G\u00fcltigkeit der \u00fcbrigen Bestimmungen nicht ber\u00fchrt. Die ganz oder teilweise unwirksamen Regelungen werden durch solche ersetzt, deren Reglungsgehalt denen der unwirksam gewordenen m\u00f6glichst nahe kommt.<\/p>\n","protected":false},"excerpt":{"rendered":"<p>ALLGEMEINE GESCH\u00c4FTSBEDINGUNGEN&nbsp; Februar 2024 Mit der Nutzung der Webseite&nbsp;www.resell-radar.de&nbsp;erkl\u00e4ren Sie sich mit den jeweils geltenden aktuellen Gesch\u00e4ftsbedingungen in ihrer jeweiligen Fassung einverstanden. 1. GELTUNGSBEREICH Diese&hellip;<\/p>\n","protected":false},"author":1,"featured_media":0,"parent":0,"menu_order":0,"comment_status":"closed","ping_status":"closed","template":"","meta":{"_kadence_starter_templates_imported_post":false,"footnotes":""},"class_list":["post-735","page","type-page","status-publish","hentry"],"_links":{"self":[{"href":"https:\/\/www.reseller-radar.de\/index.php?rest_route=\/wp\/v2\/pages\/735","targetHints":{"allow":["GET"]}}],"collection":[{"href":"https:\/\/www.reseller-radar.de\/index.php?rest_route=\/wp\/v2\/pages"}],"about":[{"href":"https:\/\/www.reseller-radar.de\/index.php?rest_route=\/wp\/v2\/types\/page"}],"author":[{"embeddable":true,"href":"https:\/\/www.reseller-radar.de\/index.php?rest_route=\/wp\/v2\/users\/1"}],"replies":[{"embeddable":true,"href":"https:\/\/www.reseller-radar.de\/index.php?rest_route=%2Fwp%2Fv2%2Fcomments&post=735"}],"version-history":[{"count":1,"href":"https:\/\/www.reseller-radar.de\/index.php?rest_route=\/wp\/v2\/pages\/735\/revisions"}],"predecessor-version":[{"id":736,"href":"https:\/\/www.reseller-radar.de\/index.php?rest_route=\/wp\/v2\/pages\/735\/revisions\/736"}],"wp:attachment":[{"href":"https:\/\/www.reseller-radar.de\/index.php?rest_route=%2Fwp%2Fv2%2Fmedia&parent=735"}],"curies":[{"name":"wp","href":"https:\/\/api.w.org\/{rel}","templated":true}]}}